{"id":152,"date":"2024-03-18T11:46:37","date_gmt":"2024-03-18T10:46:37","guid":{"rendered":"https:\/\/instalferro.com\/?page_id=152"},"modified":"2024-04-12T13:44:12","modified_gmt":"2024-04-12T11:44:12","slug":"quienes-somos","status":"publish","type":"page","link":"https:\/\/instalferro.com\/index.php\/quienes-somos\/","title":{"rendered":"\u00bfQUIEN\u00c9S SOMOS?"},"content":{"rendered":"\n<div class=\"wp-block-cover alignfull wp-duotone-unset-1 wp-elements-0466af21669bb50024e43470bb260afe\" style=\"min-height:289px;aspect-ratio:unset;\"><span aria-hidden=\"true\" class=\"wp-block-cover__background has-black-background-color has-background-dim-70 has-background-dim\"><\/span><img loading=\"lazy\" decoding=\"async\" width=\"2048\" height=\"1536\" class=\"wp-block-cover__image-background wp-image-800\" alt=\"\" src=\"https:\/\/instalferro.com\/wp-content\/uploads\/2024\/04\/IMG_8740.jpg\" style=\"object-position:45% 40%\" data-object-fit=\"cover\" data-object-position=\"45% 40%\" srcset=\"https:\/\/instalferro.com\/wp-content\/uploads\/2024\/04\/IMG_8740.jpg 2048w, https:\/\/instalferro.com\/wp-content\/uploads\/2024\/04\/IMG_8740-300x225.jpg 300w, https:\/\/instalferro.com\/wp-content\/uploads\/2024\/04\/IMG_8740-1024x768.jpg 1024w, https:\/\/instalferro.com\/wp-content\/uploads\/2024\/04\/IMG_8740-768x576.jpg 768w, https:\/\/instalferro.com\/wp-content\/uploads\/2024\/04\/IMG_8740-1536x1152.jpg 1536w\" sizes=\"(max-width: 2048px) 100vw, 2048px\" \/><div class=\"wp-block-cover__inner-container is-layout-flow wp-block-cover-is-layout-flow\">\n<div class=\"wp-block-cover aligncenter wp-duotone-dark-grayscale\" style=\"min-height:200px;aspect-ratio:unset;\"><span aria-hidden=\"true\" class=\"wp-block-cover__background has-nv-site-bg-background-color has-background-dim-60 has-background-dim\"><\/span><div class=\"wp-block-cover__inner-container is-layout-flow wp-block-cover-is-layout-flow\">\n<h1 class=\"wp-block-heading has-text-align-center has-white-color has-text-color\" style=\"font-size:53px;font-style:normal;font-weight:900;text-transform:capitalize\">\u00bfQUIEN\u00c9S SOMOS?<\/h1>\n<\/div><\/div>\n<\/div><\/div>\n\n\n\n<div style=\"height:69px\" aria-hidden=\"true\" class=\"wp-block-spacer\"><\/div>\n\n\n\n<div class=\"wp-block-media-text is-stacked-on-mobile is-image-fill has-background\" style=\"background-color:#abb7c214;grid-template-columns:21% auto\"><figure class=\"wp-block-media-text__media\" style=\"background-image:url(https:\/\/instalferro.com\/wp-content\/uploads\/2024\/04\/IMG_0070-2.jpg);background-position:50% 50%\"><img loading=\"lazy\" decoding=\"async\" width=\"768\" height=\"1024\" src=\"https:\/\/instalferro.com\/wp-content\/uploads\/2024\/04\/IMG_0070-2.jpg\" alt=\"\" class=\"wp-image-805 size-full\" srcset=\"https:\/\/instalferro.com\/wp-content\/uploads\/2024\/04\/IMG_0070-2.jpg 768w, https:\/\/instalferro.com\/wp-content\/uploads\/2024\/04\/IMG_0070-2-225x300.jpg 225w\" sizes=\"(max-width: 768px) 100vw, 768px\" \/><\/figure><div class=\"wp-block-media-text__content\">\n<p style=\"font-size:20px\"><strong>Instalferro S.L.<\/strong>, es una empresa dedicada a la industria del metal. Ofrece varios servicios, como el mantenimiento industrial, la ingenier\u00eda en automatizaci\u00f3n y el dise\u00f1o de estructuras, tanto en empresas como en particulares.<\/p>\n\n\n\n<p style=\"font-size:20px\">Su principal objetivo es brindar calidad y soluciones inmediatas, seg\u00fan las necesidades del cliente, al mejor coste y de la manera m\u00e1s eficiente.<\/p>\n<\/div><\/div>\n\n\n\n<div style=\"height:75px\" aria-hidden=\"true\" class=\"wp-block-spacer\"><\/div>\n\n\n\n<p class=\"has-text-align-center has-white-color has-text-color has-background has-link-color wp-elements-7c9279176e7de381ed1751fb3dabcddf\" style=\"background-color:#f16400a8;font-size:24px\"><strong>En Instalferro trabajamos, construimos y mantenemos, dando soluciones r\u00e1pidas y de calidad.<\/strong><\/p>\n\n\n\n<p class=\"has-background\" style=\"background-color:#abb7c20d;font-size:21px\">La empresa se ubica en Palau-Solit\u00e0 y Plegamans, concretamente, en passatge dels ferrers. Se podr\u00eda describir como una empresa altamente competititva en el mundo del metal, con un equipo de profesionales capacitados y con experiencia para garantir un buen servicio. En su procedimiento de trabajo se analiza detalladamente el dise\u00f1o que necesita el cliente, presentando siempre varios modelos de soluci\u00f3n para obtener el mejor resultado posible.<\/p>\n\n\n\n<div style=\"height:8px\" aria-hidden=\"true\" class=\"wp-block-spacer\"><\/div>\n\n\n\n<figure class=\"wp-block-table is-style-regular\" style=\"font-size:20px\"><table class=\"has-black-color has-text-color has-background has-link-color has-fixed-layout\" style=\"background-color:#f7924a21\"><tbody><tr><td class=\"has-text-align-left\" data-align=\"left\"><strong>L\u00cdDERES EN EL MERCADO<\/strong><\/td><\/tr><tr><td class=\"has-text-align-left\" data-align=\"left\">Trabajamos para grandes empresas de renombre y <strong>l\u00edderes <\/strong>en el sector de alimentaci\u00f3n, construcci\u00f3n, farmac\u00e9uticas y muchos m\u00e1s.<\/td><\/tr><\/tbody><\/table><\/figure>\n\n\n\n<figure class=\"wp-block-table is-style-regular\" style=\"font-size:20px\"><table class=\"has-black-color has-text-color has-background has-link-color has-fixed-layout\" style=\"background-color:#f7802a21\"><tbody><tr><td class=\"has-text-align-left\" data-align=\"left\"><strong>EQUIPO DE TRABAJO<\/strong><\/td><\/tr><tr><td class=\"has-text-align-left\" data-align=\"left\">Contamos con la experiencia, personal capacitado, y las mejores herramientas para garantizar un servicio profesional y altamente competitivo tanto para empresas como para particulares.<\/td><\/tr><\/tbody><\/table><\/figure>\n\n\n\n<figure class=\"wp-block-table is-style-regular\" style=\"font-size:20px\"><table class=\"has-black-color has-text-color has-background has-link-color has-fixed-layout\" style=\"background-color:#f7802a21\"><tbody><tr><td class=\"has-text-align-left\" data-align=\"left\"><strong>SERVICIO 24\/7<\/strong><\/td><\/tr><tr><td class=\"has-text-align-left\" data-align=\"left\">Tenemos a la disposici\u00f3n del servicio de mantenimiento 24h los siete d\u00edas de la semana, para comunidades, cadenas de supermercados&#8230;<\/td><\/tr><\/tbody><\/table><\/figure>\n\n\n\n<figure class=\"wp-block-table is-style-regular\" style=\"font-size:20px\"><table class=\"has-black-color has-text-color has-background has-link-color has-fixed-layout\" style=\"background-color:#f7802a21\"><tbody><tr><td class=\"has-text-align-left\" data-align=\"left\"><strong>METAL Y SOSTENIBILIDAD<\/strong><\/td><\/tr><tr><td class=\"has-text-align-left\" data-align=\"left\">Estamos comprometidos con el reciclaje, por ese motivo todos nuestros materiales desechables van dirigidos a puntos limpios.<\/td><\/tr><\/tbody><\/table><\/figure>\n\n\n\n<div style=\"height:58px\" aria-hidden=\"true\" class=\"wp-block-spacer\"><\/div>\n\n\n\n<div class=\"wp-block-columns has-black-background-color has-background is-layout-flex wp-container-core-columns-is-layout-1 wp-block-columns-is-layout-flex\">\n<div class=\"wp-block-column is-layout-flow wp-block-column-is-layout-flow\">\n<figure class=\"wp-block-image size-large\"><img loading=\"lazy\" decoding=\"async\" width=\"1024\" height=\"768\" src=\"https:\/\/instalferro.com\/wp-content\/uploads\/2024\/04\/IMG_8739-1-1024x768.jpg\" alt=\"\" class=\"wp-image-812\" srcset=\"https:\/\/instalferro.com\/wp-content\/uploads\/2024\/04\/IMG_8739-1-1024x768.jpg 1024w, https:\/\/instalferro.com\/wp-content\/uploads\/2024\/04\/IMG_8739-1-300x225.jpg 300w, https:\/\/instalferro.com\/wp-content\/uploads\/2024\/04\/IMG_8739-1-768x576.jpg 768w, https:\/\/instalferro.com\/wp-content\/uploads\/2024\/04\/IMG_8739-1-1536x1152.jpg 1536w, https:\/\/instalferro.com\/wp-content\/uploads\/2024\/04\/IMG_8739-1.jpg 2048w\" sizes=\"(max-width: 1024px) 100vw, 1024px\" \/><\/figure>\n<\/div>\n\n\n\n<div class=\"wp-block-column is-layout-flow wp-block-column-is-layout-flow\">\n<figure class=\"wp-block-image size-full\"><img loading=\"lazy\" decoding=\"async\" width=\"960\" height=\"720\" src=\"https:\/\/instalferro.com\/wp-content\/uploads\/2024\/04\/96235920_1363234197366356_1607954134063906816_n-2.jpg\" alt=\"\" class=\"wp-image-813\" srcset=\"https:\/\/instalferro.com\/wp-content\/uploads\/2024\/04\/96235920_1363234197366356_1607954134063906816_n-2.jpg 960w, https:\/\/instalferro.com\/wp-content\/uploads\/2024\/04\/96235920_1363234197366356_1607954134063906816_n-2-300x225.jpg 300w, https:\/\/instalferro.com\/wp-content\/uploads\/2024\/04\/96235920_1363234197366356_1607954134063906816_n-2-768x576.jpg 768w\" sizes=\"(max-width: 960px) 100vw, 960px\" \/><\/figure>\n<\/div>\n\n\n\n<div class=\"wp-block-column is-layout-flow wp-block-column-is-layout-flow\">\n<figure class=\"wp-block-image size-full\"><img loading=\"lazy\" decoding=\"async\" width=\"960\" height=\"720\" src=\"https:\/\/instalferro.com\/wp-content\/uploads\/2024\/04\/118008548_1445751849114590_8937630363781255370_n-1.jpg\" alt=\"\" class=\"wp-image-814\" srcset=\"https:\/\/instalferro.com\/wp-content\/uploads\/2024\/04\/118008548_1445751849114590_8937630363781255370_n-1.jpg 960w, https:\/\/instalferro.com\/wp-content\/uploads\/2024\/04\/118008548_1445751849114590_8937630363781255370_n-1-300x225.jpg 300w, https:\/\/instalferro.com\/wp-content\/uploads\/2024\/04\/118008548_1445751849114590_8937630363781255370_n-1-768x576.jpg 768w\" sizes=\"(max-width: 960px) 100vw, 960px\" \/><\/figure>\n<\/div>\n<\/div>\n","protected":false},"excerpt":{"rendered":"<p>Instalferro S.L., es una empresa dedicada a la industria del metal. Ofrece varios servicios, como el mantenimiento industrial, la ingenier\u00eda en automatizaci\u00f3n y el dise\u00f1o de estructuras, tanto en empresas como en particulares. Su principal objetivo es brindar calidad y soluciones inmediatas, seg\u00fan las necesidades del cliente, al mejor coste y de la manera m\u00e1s [&hellip;]<\/p>\n","protected":false},"author":2,"featured_media":0,"parent":0,"menu_order":0,"comment_status":"closed","ping_status":"closed","template":"","meta":{"footnotes":""},"jetpack_sharing_enabled":true,"_links":{"self":[{"href":"https:\/\/instalferro.com\/index.php\/wp-json\/wp\/v2\/pages\/152"}],"collection":[{"href":"https:\/\/instalferro.com\/index.php\/wp-json\/wp\/v2\/pages"}],"about":[{"href":"https:\/\/instalferro.com\/index.php\/wp-json\/wp\/v2\/types\/page"}],"author":[{"embeddable":true,"href":"https:\/\/instalferro.com\/index.php\/wp-json\/wp\/v2\/users\/2"}],"replies":[{"embeddable":true,"href":"https:\/\/instalferro.com\/index.php\/wp-json\/wp\/v2\/comments?post=152"}],"version-history":[{"count":15,"href":"https:\/\/instalferro.com\/index.php\/wp-json\/wp\/v2\/pages\/152\/revisions"}],"predecessor-version":[{"id":818,"href":"https:\/\/instalferro.com\/index.php\/wp-json\/wp\/v2\/pages\/152\/revisions\/818"}],"wp:attachment":[{"href":"https:\/\/instalferro.com\/index.php\/wp-json\/wp\/v2\/media?parent=152"}],"curies":[{"name":"wp","href":"https:\/\/api.w.org\/{rel}","templated":true}]}}